{"id":17,"date":"2024-06-04T20:54:36","date_gmt":"2024-06-04T18:54:36","guid":{"rendered":"https:\/\/rodosblog.ddns.net\/?page_id=17"},"modified":"2025-12-13T20:50:59","modified_gmt":"2025-12-13T19:50:59","slug":"kontakt","status":"publish","type":"page","link":"https:\/\/rodosblog.ddns.net\/?page_id=17","title":{"rendered":"Kontakt"},"content":{"rendered":"\n<p>Wenn Sie Anmerkungen zu den Beitr\u00e4gen haben, fachlichen Austausch suchen oder einen konkreten Gespr\u00e4chsanlass sehen, freue ich mich \u00fcber eine Nachricht.<\/p>\n\n\n\n<p>Schreiben Sie an rodorapido<em>AT<\/em>arcor.de &#8211; ich melde mich zeitnah zur\u00fcck.<\/p>\n\n\n\n<p><\/p>\n","protected":false},"excerpt":{"rendered":"<p>Wenn Sie Anmerkungen zu den Beitr\u00e4gen haben, fachlichen Austausch suchen oder einen konkreten Gespr\u00e4chsanlass sehen, freue ich mich \u00fcber eine Nachricht. Schreiben Sie an rodorapidoATarcor.de &#8211; ich melde mich zeitnah zur\u00fcck.<\/p>\n","protected":false},"author":1,"featured_media":63,"parent":0,"menu_order":0,"comment_status":"closed","ping_status":"closed","template":"","meta":{"footnotes":""},"class_list":["post-17","page","type-page","status-publish","has-post-thumbnail","hentry"],"_links":{"self":[{"href":"https:\/\/rodosblog.ddns.net\/index.php?rest_route=\/wp\/v2\/pages\/17","targetHints":{"allow":["GET"]}}],"collection":[{"href":"https:\/\/rodosblog.ddns.net\/index.php?rest_route=\/wp\/v2\/pages"}],"about":[{"href":"https:\/\/rodosblog.ddns.net\/index.php?rest_route=\/wp\/v2\/types\/page"}],"author":[{"embeddable":true,"href":"https:\/\/rodosblog.ddns.net\/index.php?rest_route=\/wp\/v2\/users\/1"}],"replies":[{"embeddable":true,"href":"https:\/\/rodosblog.ddns.net\/index.php?rest_route=%2Fwp%2Fv2%2Fcomments&post=17"}],"version-history":[{"count":3,"href":"https:\/\/rodosblog.ddns.net\/index.php?rest_route=\/wp\/v2\/pages\/17\/revisions"}],"predecessor-version":[{"id":64,"href":"https:\/\/rodosblog.ddns.net\/index.php?rest_route=\/wp\/v2\/pages\/17\/revisions\/64"}],"wp:featuredmedia":[{"embeddable":true,"href":"https:\/\/rodosblog.ddns.net\/index.php?rest_route=\/wp\/v2\/media\/63"}],"wp:attachment":[{"href":"https:\/\/rodosblog.ddns.net\/index.php?rest_route=%2Fwp%2Fv2%2Fmedia&parent=17"}],"curies":[{"name":"wp","href":"https:\/\/api.w.org\/{rel}","templated":true}]}}